 and 25515?
315
What is the greatest common divisor of 121166 and 188?
94
What is the greatest common divisor of 44 and 40689?
11
What is the highest common divisor of 299460 and 2268?
84
What is the highest common factor of 22 and 1378641?
11
Calculate the highest common divisor of 19053 and 657.
657
Calculate the highest common divisor of 132192 and 69012.
972
Calculate the greatest common divisor of 21 and 731290.
7
Calculate the greatest common divisor of 345 and 321210.
15
What is the greatest common factor of 611 and 66317?
47
Calculate the greatest common divisor of 11 and 127787.
11
Calculate the highest common factor of 69417 and 2187.
81
What is the highest common factor of 14 and 220738?
14
Calculate the highest common factor of 2546 and 1938.
38
Calculate the greatest common factor of 55820 and 30.
10
What is the highest common divisor of 15 and 311170?
5
What is the greatest common divisor of 306 and 1575?
9
Calculate the highest common divisor of 671 and 976.
61
What is the highest common factor of 209 and 15697?
11
Calculate the highest common divisor of 56 and 448420.
28
Calculate the highest common factor of 2316 and 18708.
12
What is the highest common factor of 26250 and 1470?
210
What is the highest common divisor of 225840 and 1680?
240
Calculate the greatest common factor of 11700 and 946764.
468
What is the greatest common divisor of 95037 and 2133?
237
Calculate the greatest common divisor of 369453 and 42.
21
What is the highest common factor of 143570 and 3283?
49
What is the highest common divisor of 26899 and 444?
37
Calculate the highest common divisor of 734 and 9373547.
367
What is the highest common factor of 78407 and 7567?
161
What is the greatest common factor of 679 and 567?
7
Calculate the greatest common factor of 152 and 102942.
38
Calculate the greatest common divisor of 4599 and 63.
63
What is the greatest common factor of 9164 and 16669?
79
Calculate the greatest common factor of 237276 and 144.
36
Calculate the greatest common factor of 164799 and 45.
9
Calculate the highest common divisor of 50 and 1081525.
25
Calculate the greatest common divisor of 2392 and 240240.
104
Calculate the highest common divisor of 2085 and 11259.
417
What is the greatest common divisor of 1003 and 899691?
1003
What is the greatest common divisor of 2795 and 650?
65
Calculate the highest common divisor of 15627 and 867.
3
What is the greatest common divisor of 50611 and 428?
107
What is the greatest common divisor of 186 and 721866?
186
Calculate the greatest common divisor of 771866 and 82.
82
Calculate the greatest common divisor of 1262773 and 37.
37
Calculate the highest common divisor of 483 and 438081.
483
What is the greatest common factor of 392493 and 41?
41
Calculate the highest common factor of 987 and 90321.
21
Calculate the highest common factor of 1170052 and 13.
13
Calculate the greatest common factor of 4908 and 33.
3
Calculate the greatest common factor of 1660290 and 135.
15
Calculate the highest common factor of 350 and 4975.
25
What is the greatest common factor of 2028 and 832?
52
Calculate the highest common divisor of 189 and 673533.
63
What is the highest common divisor of 174 and 1693542?
174
What is the highest common divisor of 58 and 121713?
29
What is the greatest common factor of 1775 and 99116?
71
What is the highest common factor of 181128 and 252?
12
Calculate the greatest common divisor of 25380 and 21009.
141
Calculate the highest common factor of 14 and 549612.
14
What is the highest common divisor of 2349 and 203?
29
What is the highest common divisor of 98 and 273665?
49
Calculate the greatest common factor of 5871 and 76.
19
Calculate the highest common factor of 392 and 41209.
49
What is the greatest common factor of 22060 and 20?
20
Calculate the highest common divisor of 1774844 and 4.
4
Calculate the greatest common divisor of 5325 and 659590.
355
What is the highest common factor of 840781 and 9692?
2423
Calculate the greatest common divisor of 2628 and 7746030.
1314
Calculate the greatest common factor of 376997 and 1939.
277
What is the greatest common factor of 9962 and 32523?
293
What is the highest common factor of 31625 and 206425?
575
Calculate the greatest common factor of 12288 and 12.
12
What is the highest common factor of 20476 and 24?
4
Calculate the highest common divisor of 10 and 126710.
10
What is the greatest common factor of 1612 and 93899?
403
Calculate the greatest common divisor of 318178 and 504.
14
Calculate the greatest common factor of 146520 and 101970.
990
Calculate the highest common factor of 3139 and 344.
43
What is the highest common factor of 247696 and 9864?
1096
What is the greatest common factor of 20882 and 2758?
394
Calculate the highest common factor of 1701 and 348057.
81
What is the highest common factor of 588015 and 45?
45
What is the highest common divisor of 288 and 1894944?
96
Calculate the highest common factor of 10200 and 1496.
136
What is the greatest common factor of 220320 and 544?
544
Calculate the greatest common factor of 51256 and 9288.
344
Calculate the highest common divisor of 14150 and 400.
50
What is the highest common divisor of 305 and 120?
5
Calculate the highest common divisor of 11121 and 627.
33
Calculate the greatest common divisor of 142384 and 16.
16
What is the highest common divisor of 322 and 5866?
14
What is the highest common factor of 17 and 2545206?
17
Calculate the highest common divisor of 49833 and 42.
21
What is the greatest common divisor of 27659 and 17?
17
Calculate the highest common factor of 68789 and 434.
217
What is the highest common divisor of 216 and 12888?
72
What is the highest common factor of 332860 and 44?
44
What is the greatest common divisor of 159 and 3281919?
159
Calculate the highest common divisor of 448144 and 32.
16
Calculate the greatest common factor of 2241 and 3403.
83
What is the greatest common factor of 103179 and 12225?
489
Calculate the highest common divisor of 4224 and 592.
16
Calculate the highest common factor of 78 and 1632.
6
What is the greatest common factor of 32216 and 116?
4
What is the highest common divisor of 287314 and 2522?
194
What is the highest common divisor of 42 and 211842?
6
What is the greatest common divisor of 42148 and 9509?
257
Calculate the highest common factor of 270246 and 204.
6
Calculate the highest common factor of 64 and 1313344.
64
Calculate the greatest common divisor of 1496 and 3553.
187
What is the highest common divisor of 13244 and 22274?
602
What is the highest common factor of 1642 and 225775?
821
Calculate the highest common factor of 1914 and 474518.
22
Calculate the highest common factor of 309951 and 9.
9
What is the greatest common divisor of 88182 and 13632?
426
What is the greatest common divisor of 10885440 and 240?
240
Calculate the greatest common divisor of 646 and 427918.
38
Calculate the greatest common divisor of 1535292 and 1980.
396
What is the greatest common factor of 1450 and 9454?
58
What is the highest common divisor of 56 and 8294944?
56
What is the highest common factor of 6 and 625812?
6
Calculate the greatest common factor of 2488338 and 54.
18
Calculate the highest common factor of 231 and 641256.
231
What is the highest common factor of 379434 and 198?
66
Calculate the greatest common divisor of 95 and 1181800.
95
What is the highest common factor of 1133 and 3033041?
1133
Calculate the greatest common divisor of 7462 and 9702.
14
What is the highest common divisor of 750 and 2655375?
375
Calculate the greatest common factor of 9 and 5029578.
9
Calculate the highest common divisor of 301 and 16387.
7
Calculate the greatest common divisor of 3663 and 1188.
99
What is the greatest common factor of 51 and 623271?
51
Calculate the greatest common divisor of 9992645 and 65.
65
Calculate the greatest common divisor of 2504482 and 6189.
2063
What is the greatest common factor of 15 and 442425?
15
What is the highest common factor of 374 and 224774?
374
What is the highest common divisor of 632 and 100872?
8
Calculate the highest common divisor of 54 and 643158.
18
What is the highest common factor of 18359 and 198?
11
What is the greatest common divisor of 448 and 2848?
32
Calculate the highest co